{"id":619,"date":"2021-12-19T11:46:37","date_gmt":"2021-12-19T11:46:37","guid":{"rendered":"https:\/\/erkder.org\/?page_id=619"},"modified":"2021-12-19T11:51:52","modified_gmt":"2021-12-19T11:51:52","slug":"ogrencilerimizle-erdemlide-kahvalti","status":"publish","type":"page","link":"https:\/\/erkder.org\/?page_id=619","title":{"rendered":"\u00d6\u011frencilerimizle Erdemlide Kahvalt\u0131.."},"content":{"rendered":"<p>\u0130stanbul&#8217;da \u00e7e\u015fitli \u00fcniversitelerde e\u011fitim g\u00f6ren \u00f6\u011frencilerimizle Erdemli Belediyesi&#8217;nin organizat\u00f6rl\u00fc\u011f\u00fcnde kahvalt\u0131da bulu\u015ftuk. Kahvalt\u0131ya Erdemli Belediye Ba\u015fkan\u0131 M\u00fckerrem Tollu&#8217; da kat\u0131ld\u0131.<br \/>\n<div id='gallery-1' class='gallery galleryid-619 gallery-columns-3 gallery-size-colormag-featured-image'><figure class='gallery-item'>\n\t\t\t<div class='gallery-icon landscape'>\n\t\t\t\t<a href='https:\/\/erkder.org\/wp-content\/uploads\/2021\/12\/WhatsApp-Image-2021-12-18-at-21.51.41.jpeg'><img width=\"800\" height=\"445\" src=\"https:\/\/erkder.org\/wp-content\/uploads\/2021\/12\/WhatsApp-Image-2021-12-18-at-21.51.41-800x445.jpeg\" class=\"attachment-colormag-featured-image size-colormag-featured-image\" alt=\"\" loading=\"lazy\" \/><\/a>\n\t\t\t<\/div><\/figure><figure class='gallery-item'>\n\t\t\t<div class='gallery-icon landscape'>\n\t\t\t\t<a href='https:\/\/erkder.org\/wp-content\/uploads\/2021\/12\/WhatsApp-Image-2021-12-18-at-22.36.28.jpeg'><img width=\"800\" height=\"445\" src=\"https:\/\/erkder.org\/wp-content\/uploads\/2021\/12\/WhatsApp-Image-2021-12-18-at-22.36.28-800x445.jpeg\" class=\"attachment-colormag-featured-image size-colormag-featured-image\" alt=\"\" loading=\"lazy\" \/><\/a>\n\t\t\t<\/div><\/figure><figure class='gallery-item'>\n\t\t\t<div class='gallery-icon landscape'>\n\t\t\t\t<a href='https:\/\/erkder.org\/wp-content\/uploads\/2021\/12\/WhatsApp-Image-2021-12-18-at-21.51.41-1.jpeg'><img width=\"800\" height=\"445\" src=\"https:\/\/erkder.org\/wp-content\/uploads\/2021\/12\/WhatsApp-Image-2021-12-18-at-21.51.41-1-800x445.jpeg\" class=\"attachment-colormag-featured-image size-colormag-featured-image\" alt=\"\" loading=\"lazy\" \/><\/a>\n\t\t\t<\/div><\/figure><figure class='gallery-item'>\n\t\t\t<div class='gallery-icon landscape'>\n\t\t\t\t<a href='https:\/\/erkder.org\/wp-content\/uploads\/2021\/12\/WhatsApp-Image-2021-12-18-at-21.51.43.jpeg'><img width=\"800\" height=\"445\" src=\"https:\/\/erkder.org\/wp-content\/uploads\/2021\/12\/WhatsApp-Image-2021-12-18-at-21.51.43-800x445.jpeg\" class=\"attachment-colormag-featured-image size-colormag-featured-image\" alt=\"\" loading=\"lazy\" \/><\/a>\n\t\t\t<\/div><\/figure>\n\t\t<\/div>\n<\/p>\n","protected":false},"excerpt":{"rendered":"<p>\u0130stanbul&#8217;da \u00e7e\u015fitli \u00fcniversitelerde e\u011fitim g\u00f6ren \u00f6\u011frencilerimizle Erdemli Belediyesi&#8217;nin organizat\u00f6rl\u00fc\u011f\u00fcnde kahvalt\u0131da bulu\u015ftuk. Kahvalt\u0131ya Erdemli Belediye Ba\u015fkan\u0131 M\u00fckerrem Tollu&#8217; da kat\u0131ld\u0131.<\/p>\n","protected":false},"author":1,"featured_media":0,"parent":0,"menu_order":0,"comment_status":"closed","ping_status":"closed","template":"","meta":[],"_links":{"self":[{"href":"https:\/\/erkder.org\/index.php?rest_route=\/wp\/v2\/pages\/619"}],"collection":[{"href":"https:\/\/erkder.org\/index.php?rest_route=\/wp\/v2\/pages"}],"about":[{"href":"https:\/\/erkder.org\/index.php?rest_route=\/wp\/v2\/types\/page"}],"author":[{"embeddable":true,"href":"https:\/\/erkder.org\/index.php?rest_route=\/wp\/v2\/users\/1"}],"replies":[{"embeddable":true,"href":"https:\/\/erkder.org\/index.php?rest_route=%2Fwp%2Fv2%2Fcomments&post=619"}],"version-history":[{"count":3,"href":"https:\/\/erkder.org\/index.php?rest_route=\/wp\/v2\/pages\/619\/revisions"}],"predecessor-version":[{"id":626,"href":"https:\/\/erkder.org\/index.php?rest_route=\/wp\/v2\/pages\/619\/revisions\/626"}],"wp:attachment":[{"href":"https:\/\/erkder.org\/index.php?rest_route=%2Fwp%2Fv2%2Fmedia&parent=619"}],"curies":[{"name":"wp","href":"https:\/\/api.w.org\/{rel}","templated":true}]}}

Öğrencilerimizle Erdemlide Kahvaltı..

<p>İstanbul&#8217;da çeşitli üniversitelerde eğitim gören öğrencilerimizle Erdemli Belediyesi&#8217;nin organizatörlüğünde kahvaltıda buluştuk. Kahvaltıya Erdemli Belediye Başkanı Mükerrem Tollu&#8217; da katıldı.<br />
<div id='gallery-1' class='gallery galleryid-619 gallery-columns-3 gallery-size-colormag-featured-image'><figure class='gallery-item'>
			<div class='gallery-icon landscape'>
				<a href='https://erkder.org/wp-content/uploads/2021/12/WhatsApp-Image-2021-12-18-at-21.51.41.jpeg'><img width="800" height="445" src="https://erkder.org/wp-content/uploads/2021/12/WhatsApp-Image-2021-12-18-at-21.51.41-800x445.jpeg" class="attachment-colormag-featured-image size-colormag-featured-image" alt="" loading="lazy" /></a>
			</div></figure><figure class='gallery-item'>
			<div class='gallery-icon landscape'>
				<a href='https://erkder.org/wp-content/uploads/2021/12/WhatsApp-Image-2021-12-18-at-22.36.28.jpeg'><img width="800" height="445" src="https://erkder.org/wp-content/uploads/2021/12/WhatsApp-Image-2021-12-18-at-22.36.28-800x445.jpeg" class="attachment-colormag-featured-image size-colormag-featured-image" alt="" loading="lazy" /></a>
			</div></figure><figure class='gallery-item'>
			<div class='gallery-icon landscape'>
				<a href='https://erkder.org/wp-content/uploads/2021/12/WhatsApp-Image-2021-12-18-at-21.51.41-1.jpeg'><img width="800" height="445" src="https://erkder.org/wp-content/uploads/2021/12/WhatsApp-Image-2021-12-18-at-21.51.41-1-800x445.jpeg" class="attachment-colormag-featured-image size-colormag-featured-image" alt="" loading="lazy" /></a>
			</div></figure><figure class='gallery-item'>
			<div class='gallery-icon landscape'>
				<a href='https://erkder.org/wp-content/uploads/2021/12/WhatsApp-Image-2021-12-18-at-21.51.43.jpeg'><img width="800" height="445" src="https://erkder.org/wp-content/uploads/2021/12/WhatsApp-Image-2021-12-18-at-21.51.43-800x445.jpeg" class="attachment-colormag-featured-image size-colormag-featured-image" alt="" loading="lazy" /></a>
			</div></figure>
		</div>
</p>

<p>İstanbul&#8217;da çeşitli üniversitelerde eğitim gören öğrencilerimizle Erdemli Belediyesi&#8217;nin organizatörlüğünde kahvaltıda buluştuk. Kahvaltıya Erdemli Belediye Başkanı Mükerrem Tollu&#8217; da katıldı.</p>
