{"id":503,"date":"2021-12-16T18:38:12","date_gmt":"2021-12-16T18:38:12","guid":{"rendered":"http:\/\/erkder.org\/?page_id=503"},"modified":"2021-12-16T18:38:12","modified_gmt":"2021-12-16T18:38:12","slug":"emitt-fuari","status":"publish","type":"page","link":"https:\/\/erkder.org\/?page_id=503","title":{"rendered":"EMITT Fuar\u0131"},"content":{"rendered":"<p>EMITT Fuar\u0131na kat\u0131lmak i\u00e7in gelen Erdemli Belediye Ba\u015fkan\u0131 M\u00fckerrem Tollu ve beraberindeki heyeti<br \/>\n\u0130stanbul&#8217;da a\u011f\u0131rlad\u0131k.<br \/>\n<div id='gallery-1' class='gallery galleryid-503 gallery-columns-3 gallery-size-colormag-featured-image'><figure class='gallery-item'>\n\t\t\t<div class='gallery-icon landscape'>\n\t\t\t\t<a href='https:\/\/erkder.org\/wp-content\/uploads\/2021\/12\/SC_7413-scaled.jpg'><img width=\"800\" height=\"445\" src=\"https:\/\/erkder.org\/wp-content\/uploads\/2021\/12\/SC_7413-800x445.jpg\" class=\"attachment-colormag-featured-image size-colormag-featured-image\" alt=\"\" loading=\"lazy\" \/><\/a>\n\t\t\t<\/div><\/figure><figure class='gallery-item'>\n\t\t\t<div class='gallery-icon landscape'>\n\t\t\t\t<a href='https:\/\/erkder.org\/wp-content\/uploads\/2021\/12\/SC_7538-scaled.jpg'><img width=\"800\" height=\"445\" src=\"https:\/\/erkder.org\/wp-content\/uploads\/2021\/12\/SC_7538-800x445.jpg\" class=\"attachment-colormag-featured-image size-colormag-featured-image\" alt=\"\" loading=\"lazy\" \/><\/a>\n\t\t\t<\/div><\/figure><figure class='gallery-item'>\n\t\t\t<div class='gallery-icon landscape'>\n\t\t\t\t<a href='https:\/\/erkder.org\/wp-content\/uploads\/2021\/12\/DSC_7312-scaled.jpg'><img width=\"800\" height=\"445\" src=\"https:\/\/erkder.org\/wp-content\/uploads\/2021\/12\/DSC_7312-800x445.jpg\" class=\"attachment-colormag-featured-image size-colormag-featured-image\" alt=\"\" loading=\"lazy\" \/><\/a>\n\t\t\t<\/div><\/figure><figure class='gallery-item'>\n\t\t\t<div class='gallery-icon portrait'>\n\t\t\t\t<a href='https:\/\/erkder.org\/wp-content\/uploads\/2021\/12\/DSC_7315-scaled.jpg'><img width=\"800\" height=\"445\" src=\"https:\/\/erkder.org\/wp-content\/uploads\/2021\/12\/DSC_7315-800x445.jpg\" class=\"attachment-colormag-featured-image size-colormag-featured-image\" alt=\"\" loading=\"lazy\" \/><\/a>\n\t\t\t<\/div><\/figure>\n\t\t<\/div>\n<\/p>\n","protected":false},"excerpt":{"rendered":"<p>EMITT Fuar\u0131na kat\u0131lmak i\u00e7in gelen Erdemli Belediye Ba\u015fkan\u0131 M\u00fckerrem Tollu ve beraberindeki heyeti \u0130stanbul&#8217;da a\u011f\u0131rlad\u0131k.<\/p>\n","protected":false},"author":1,"featured_media":0,"parent":0,"menu_order":0,"comment_status":"closed","ping_status":"closed","template":"","meta":[],"_links":{"self":[{"href":"https:\/\/erkder.org\/index.php?rest_route=\/wp\/v2\/pages\/503"}],"collection":[{"href":"https:\/\/erkder.org\/index.php?rest_route=\/wp\/v2\/pages"}],"about":[{"href":"https:\/\/erkder.org\/index.php?rest_route=\/wp\/v2\/types\/page"}],"author":[{"embeddable":true,"href":"https:\/\/erkder.org\/index.php?rest_route=\/wp\/v2\/users\/1"}],"replies":[{"embeddable":true,"href":"https:\/\/erkder.org\/index.php?rest_route=%2Fwp%2Fv2%2Fcomments&post=503"}],"version-history":[{"count":1,"href":"https:\/\/erkder.org\/index.php?rest_route=\/wp\/v2\/pages\/503\/revisions"}],"predecessor-version":[{"id":515,"href":"https:\/\/erkder.org\/index.php?rest_route=\/wp\/v2\/pages\/503\/revisions\/515"}],"wp:attachment":[{"href":"https:\/\/erkder.org\/index.php?rest_route=%2Fwp%2Fv2%2Fmedia&parent=503"}],"curies":[{"name":"wp","href":"https:\/\/api.w.org\/{rel}","templated":true}]}}

EMITT Fuarı

<p>EMITT Fuarına katılmak için gelen Erdemli Belediye Başkanı Mükerrem Tollu ve beraberindeki heyeti<br />
İstanbul&#8217;da ağırladık.<br />
<div id='gallery-1' class='gallery galleryid-503 gallery-columns-3 gallery-size-colormag-featured-image'><figure class='gallery-item'>
			<div class='gallery-icon landscape'>
				<a href='https://erkder.org/wp-content/uploads/2021/12/SC_7413-scaled.jpg'><img width="800" height="445" src="https://erkder.org/wp-content/uploads/2021/12/SC_7413-800x445.jpg" class="attachment-colormag-featured-image size-colormag-featured-image" alt="" loading="lazy" /></a>
			</div></figure><figure class='gallery-item'>
			<div class='gallery-icon landscape'>
				<a href='https://erkder.org/wp-content/uploads/2021/12/SC_7538-scaled.jpg'><img width="800" height="445" src="https://erkder.org/wp-content/uploads/2021/12/SC_7538-800x445.jpg" class="attachment-colormag-featured-image size-colormag-featured-image" alt="" loading="lazy" /></a>
			</div></figure><figure class='gallery-item'>
			<div class='gallery-icon landscape'>
				<a href='https://erkder.org/wp-content/uploads/2021/12/DSC_7312-scaled.jpg'><img width="800" height="445" src="https://erkder.org/wp-content/uploads/2021/12/DSC_7312-800x445.jpg" class="attachment-colormag-featured-image size-colormag-featured-image" alt="" loading="lazy" /></a>
			</div></figure><figure class='gallery-item'>
			<div class='gallery-icon portrait'>
				<a href='https://erkder.org/wp-content/uploads/2021/12/DSC_7315-scaled.jpg'><img width="800" height="445" src="https://erkder.org/wp-content/uploads/2021/12/DSC_7315-800x445.jpg" class="attachment-colormag-featured-image size-colormag-featured-image" alt="" loading="lazy" /></a>
			</div></figure>
		</div>
</p>

<p>EMITT Fuarına katılmak için gelen Erdemli Belediye Başkanı Mükerrem Tollu ve beraberindeki heyeti İstanbul&#8217;da ağırladık.</p>
